1 a prime number?
False
Is 11889243629 prime?
True
Is 791508985 a prime number?
False
Is 15686689559 a prime number?
True
Is 81970879685 a prime number?
False
Is 882530035 a composite number?
True
Is 85213791319 composite?
True
Is 15381540983 composite?
True
Is 3997615133 a prime number?
True
Is 67083071927 a prime number?
True
Is 396644953 a composite number?
False
Is 83756957 prime?
True
Is 2754659717 a prime number?
False
Is 11579395721 prime?
True
Is 100622630299 composite?
True
Is 10590332927 prime?
True
Is 3747653431 a prime number?
True
Is 3723615095 a composite number?
True
Is 245716503 a composite number?
True
Is 6616294109 a prime number?
True
Is 71473828117 composite?
False
Is 876986647 a composite number?
False
Is 704468157 a prime number?
False
Is 5156337203 composite?
True
Is 1972224637 prime?
True
Is 1847377439 prime?
False
Is 20963937989 a prime number?
True
Is 31511857673 a prime number?
False
Is 15426970549 a composite number?
False
Is 3498350147 prime?
False
Is 308193628251 a prime number?
False
Is 11172133267 a prime number?
True
Is 982794217 prime?
True
Is 1778441141 a prime number?
False
Is 2141621441 composite?
True
Is 361080163 composite?
True
Is 7454090437 a composite number?
False
Is 4034373601 a composite number?
False
Is 16422386143 prime?
True
Is 5472968659 a composite number?
True
Is 22868578409 a composite number?
False
Is 402061559 a composite number?
False
Is 1246449947 composite?
False
Is 1096167257 a prime number?
True
Is 201821679277 a composite number?
True
Is 50169053771 a prime number?
True
Is 3123722765 prime?
False
Is 12600734309 prime?
True
Is 7981240303 a composite number?
False
Is 6267281143 a composite number?
False
Is 10572193523 composite?
True
Is 10699930699 a prime number?
False
Is 10614671173 a prime number?
True
Is 112637219 a composite number?
False
Is 87460287859 a prime number?
False
Is 305977915 a composite number?
True
Is 20585592473 a prime number?
False
Is 760749161 a composite number?
True
Is 149746213041 composite?
True
Is 19349685539 prime?
False
Is 2037450113 a composite number?
False
Is 554028109 a prime number?
False
Is 4614235789 composite?
False
Is 105011063 a composite number?
True
Is 3965027239 a prime number?
True
Is 1020840097 a prime number?
False
Is 958993589 a composite number?
False
Is 5392959977 a prime number?
True
Is 1710364261 a composite number?
False
Is 558108307 a prime number?
True
Is 31221221965 prime?
False
Is 412415285 a composite number?
True
Is 6110641591 prime?
False
Is 27134301923 prime?
True
Is 220279951 a composite number?
False
Is 230015353 composite?
False
Is 4808837077 prime?
False
Is 295487555921 a composite number?
False
Is 387609142 prime?
False
Is 1680837799 prime?
False
Is 4033875359 a prime number?
True
Is 7974493609 composite?
False
Is 34601681669 a prime number?
True
Is 3157941623 a composite number?
True
Is 21355251739 a composite number?
True
Is 167015117 a composite number?
False
Is 4317105461 a composite number?
True
Is 15480035539 a prime number?
False
Is 5524537439 a prime number?
False
Is 522084163 prime?
True
Is 69200273561 a prime number?
True
Is 1048194121 prime?
False
Is 875288053 prime?
True
Is 1410270451 prime?
False
Is 441384257 a composite number?
False
Is 9645600381 a composite number?
True
Is 684569 composite?
False
Is 34817846993 composite?
True
Is 884142305 composite?
True
Is 389252737 prime?
True
Is 116236873 a prime number?
False
Is 17870110739 composite?
True
Is 2453634397 a composite number?
True
Is 15821722337 a prime number?
True
Is 40679071 a composite number?
True
Is 2285719337 a prime number?
False
Is 68864407 a prime number?
False
Is 16240705417 a composite number?
False
Is 5296287433 prime?
False
Is 10787259295 a composite number?
True
Is 3784722241 prime?
False
Is 2617342691 a composite number?
True
Is 6582997 prime?
True
Is 54221458271 prime?
True
Is 165479323 a prime number?
True
Is 72156713 a prime number?
True
Is 2937958679 prime?
False
Is 696121571 prime?
True
Is 4495758977 a prime number?
True
Is 396169933 composite?
True
Is 10728511349 prime?
True
Is 2466113239 composite?
False
Is 12985158343 a prime number?
True
Is 147171683 prime?
True
Is 5493197774 prime?
False
Is 37828195447 a prime number?
False
Is 130043723 composite?
False
Is 109730363 a prime number?
True
Is 63336394297 composite?
True
Is 5598593647 a prime number?
False
Is 42833214349 prime?
True
Is 51874499429 a prime number?
True
Is 166822837 composite?
True
Is 1481481691 a composite number?
True
Is 997396109 a prime number?
False
Is 232185287 a composite number?
False
Is 568313357 prime?
True
Is 168596453 composite?
True
Is 19139337259 a prime number?
False
Is 3745347941 a composite number?
True
Is 132785941 a prime number?
True
Is 13200787991 a composite number?
True
Is 36121265309 composite?
False
Is 1566061571 prime?
True
Is 129080299 a composite number?
True
Is 1308680849 a prime number?
False
Is 3188112271 a composite number?
True
Is 19533343943 a prime number?
False
Is 6135909619 a prime number?
False
Is 30508817561 composite?
True
Is 5430752471 composite?
False
Is 2261825687 a composite number?
True
Is 2985941909 a composite number?
False
Is 4910118287 a prime number?
True
Is 204009347 a prime number?
True
Is 133285391 a composite number?
True
Is 800269747 composite?
True
Is 2130327869 composite?
False
Is 22078454026 a composite number?
True
Is 26904103069 prime?
True
Is 19169276411 a composite number?
False
Is 68499036641 composite?
True
Is 43220475149 a prime number?
True
Is 48674387 composite?
False
Is 1758894227 composite?
True
Is 463423951 composite?
True
Is 1653672299 composite?
True
Is 18911370463 a composite number?
False
Is 229015421 a prime number?
True
Is 2522570723 prime?
False
Is 17884844617 a composite number?
True
Is 19602053319 prime?
False
Is 357789503 composite?
False
Is 748162417 prime?
True
Is 2274169627 prime?
True
Is 123956594689 prime?
True
Is 34986167863 a prime number?
True
Is 71689115051 prime?
True
Is 888744317 prime?
False
Is 4859959957 composite?
False
Is 5215754119 a composite number?
False
Is 19820769301 prime?
False
Is 465349763 a composite number?
False
Is 4422664511 a composite number?
False
Is 2433857 a composite number?
True
Is 1331367697 a composite number?
True
Is 10966178591 prime?
False
Is 14291126477 a prime number?
True
Is 1290139297 composite?
True
Is 159247143641 prime?
True
Is 21047486513 a composite number?
True
Is 2988340591 a prime number?
True
Is 13320410773 prime?
True
Is 5637924779 composite?
False
Is 1025065571 composite?
False
Is 7068465673 composite?
True
Is 3229877873 prime?
True
Is 434031397 prime?
True
Is 381246259 a prime number?
False
Is 8229855551 a prime number?
True
Is 219040117 a composite number?
False
Is 18567281347 prime?
True
Is 155597389 prime?
False
Is 1335675479 prime?
True
Is 11352729859 prime?
True
Is 38854396709 composite?
False
Is 133913772683 composite?
False
Is 4039840177 composite?
False
Is 9838946053 composite?
False
Is 15844903 a prime number?
True
Is 5004491 a composite number?
False
Is 572976779 a prime number?
True
Is 16545849367 a prime number?
True
Is 782362577 prime?
False
Is 1572943949 prime?
False
Is 99522980489 prime?
True
Is 4921036847 composite?
False
Is 2329852793 a composite number?
False
Is 11475397561 a prime number?
True
Is 105974078621 a composite number?
False
Is 56613699941 composite?
False
Is 100781 a prime number?
False
Is 1423623899 composite?
True
Is 171444318871 prime?
False
Is 4423889929 a prime number?
True
Is 9342523891 composite?
True
Is 5194144253 composite?
True
Is 1069743737 composite?
False
Is 20149312351 a prime number?
False
Is 411419633 a composite number?
True
Is 22440620203 prime?
True
Is 1979163773 a prime number?
False
Is 6951555865 prime?
False
Is 629053399 a composite number?
True
Is 256497539 composite?
False
Is 37543561 a composite number?
True
Is 42962671061 composite?
True
Is 18336461767 composite?
True
Is 5602456159 a prime number?
False
Is 2253727457 prime?
True
Is 470902483 a composite number?
True
Is 14425207609 prime?
False
Is 14639600441 composite?
True
Is 5598003053 a composite number?
False
Is 9570140663 prime?
True
Is 53994222001 composite?
False
Is 4904475997 a prime number?
False
Is 2205131417 a comp